
{"id":9290,"date":"2026-01-19T12:00:39","date_gmt":"2026-01-19T10:00:39","guid":{"rendered":"https:\/\/sackesugar.com\/?post_type=product&#038;p=9290"},"modified":"2026-01-21T14:02:28","modified_gmt":"2026-01-21T12:02:28","slug":"saturday-skin-consultation","status":"publish","type":"product","link":"http:\/\/webshop.firstmedcenters.com\/hu\/termek\/saturday-skin-consultation\/","title":{"rendered":"Szombati B\u0151rgy\u00f3gy\u00e1szati Konzult\u00e1ci\u00f3"},"content":{"rendered":"<p><a href=\"https:\/\/firstmedcenters.com\/library\/helping-care-skin-dr-laszlo-varju\/\">Dr. Varj\u00fa<\/a>, az egyik legtapasztaltabb orvosunk azonos\u00edtja, kezeli \u00e9s elt\u00e1vol\u00edtja b\u0151rprobl\u00e9m\u00e1kat. Meg tudja \u00e1llap\u00edtani ezek s\u00falyoss\u00e1g\u00e1t, \u00e9s hogy t\u00f6bb figyelmet ig\u00e9nyelnek-e.<\/p>\n<p>Ha jut r\u00e1 id\u0151, hyfrecator-os kezel\u00e9ssel elt\u00e1vol\u00edthat ak\u00e1r 5 kisebb b\u0151rhib\u00e1t vagy szem\u00f6lcs\u00f6t (fibr\u00f3m\u00e1t).<\/p>","protected":false},"excerpt":{"rendered":"<p><span style=\"text-decoration: underline;\">A b\u0151r 30 perces \u00e1ltal\u00e1nos dermaszk\u00f3pos vizsg\u00e1lata a melanoma jeleinek keres\u00e9s\u00e9re<\/span><\/p>\n<p>&nbsp;<\/p>\n<blockquote><p><strong>K\u00e9rj\u00fck vegye figyelembe:<\/strong>\u00dajrafoglal\u00e1si d\u00edj ker\u00fcl felsz\u00e1m\u00edt\u00e1sra, amennyiben: az id\u0151pontot 24 \u00f3r\u00e1n bel\u00fcl mondja le; nem \u00e9rkezik meg a megbesz\u00e9lt id\u0151pontra (\"nem jelenik meg\"); vagy nem \u00e1ll k\u00e9szen az id\u0151ben t\u00f6rt\u00e9n\u0151 kezd\u00e9sre.<\/p>\n<p>A FirstMed k\u00e9ri, hogy minden p\u00e1ciens legal\u00e1bb 10 perccel az id\u0151pont el\u0151tt \u00e9rkezzen meg, vagy 15 perccel, ha \u00faj p\u00e1ciensr\u0151l van sz\u00f3. Ha a p\u00e1ciensek k\u00e9s\u00e9s\u00fck miatt nem \u00e1llnak k\u00e9szen a konzult\u00e1ci\u00f3 id\u0151ben t\u00f6rt\u00e9n\u0151 megkezd\u00e9s\u00e9re, az orvos jogosult visszautas\u00edtani az id\u0151pontot, \u00e9s \u00fajrafoglal\u00e1si d\u00edj felsz\u00e1m\u00edt\u00e1s\u00e1ra ker\u00fclhet sor.<\/p><\/blockquote>","protected":false},"featured_media":9291,"template":"","meta":[],"product_brand":[],"product_cat":[76],"product_tag":[],"class_list":{"0":"post-9290","1":"product","2":"type-product","3":"status-publish","4":"has-post-thumbnail","6":"product_cat-exams","8":"first","9":"instock","10":"virtual","11":"purchasable","12":"product-type-simple"},"bundle_layout":"","bundled_by":[],"bundled_items":[],"_links":{"self":[{"href":"http:\/\/webshop.firstmedcenters.com\/hu\/wp-json\/wp\/v2\/product\/9290","targetHints":{"allow":["GET"]}}],"collection":[{"href":"http:\/\/webshop.firstmedcenters.com\/hu\/wp-json\/wp\/v2\/product"}],"about":[{"href":"http:\/\/webshop.firstmedcenters.com\/hu\/wp-json\/wp\/v2\/types\/product"}],"wp:featuredmedia":[{"embeddable":true,"href":"http:\/\/webshop.firstmedcenters.com\/hu\/wp-json\/wp\/v2\/media\/9291"}],"wp:attachment":[{"href":"http:\/\/webshop.firstmedcenters.com\/hu\/wp-json\/wp\/v2\/media?parent=9290"}],"wp:term":[{"taxonomy":"product_brand","embeddable":true,"href":"http:\/\/webshop.firstmedcenters.com\/hu\/wp-json\/wp\/v2\/product_brand?post=9290"},{"taxonomy":"product_cat","embeddable":true,"href":"http:\/\/webshop.firstmedcenters.com\/hu\/wp-json\/wp\/v2\/product_cat?post=9290"},{"taxonomy":"product_tag","embeddable":true,"href":"http:\/\/webshop.firstmedcenters.com\/hu\/wp-json\/wp\/v2\/product_tag?post=9290"}],"curies":[{"name":"wp","href":"https:\/\/api.w.org\/{rel}","templated":true}]}}

Szombati Bőrgyógyászati Konzultáció

<p><a href="https://firstmedcenters.com/library/helping-care-skin-dr-laszlo-varju/">Dr. Varjú</a>, az egyik legtapasztaltabb orvosunk azonosítja, kezeli és eltávolítja bőrproblémákat. Meg tudja állapítani ezek súlyosságát, és hogy több figyelmet igényelnek-e.</p>
<p>Ha jut rá idő, hyfrecator-os kezeléssel eltávolíthat akár 5 kisebb bőrhibát vagy szemölcsöt (fibrómát).</p>

<p><span style="text-decoration: underline;">A bőr 30 perces általános dermaszkópos vizsgálata a melanoma jeleinek keresésére</span></p>
<p>&nbsp;</p>
<blockquote><p><strong>Kérjük vegye figyelembe:</strong>Újrafoglalási díj kerül felszámításra, amennyiben: az időpontot 24 órán belül mondja le; nem érkezik meg a megbeszélt időpontra ("nem jelenik meg"); vagy nem áll készen az időben történő kezdésre.</p>
<p>A FirstMed kéri, hogy minden páciens legalább 10 perccel az időpont előtt érkezzen meg, vagy 15 perccel, ha új páciensről van szó. Ha a páciensek késésük miatt nem állnak készen a konzultáció időben történő megkezdésére, az orvos jogosult visszautasítani az időpontot, és újrafoglalási díj felszámítására kerülhet sor.</p></blockquote>
