
{"id":7643,"date":"2026-01-01T12:00:02","date_gmt":"2026-01-01T10:00:02","guid":{"rendered":"https:\/\/sackesugar.com\/?post_type=product&#038;p=7643"},"modified":"2026-01-22T13:28:45","modified_gmt":"2026-01-22T11:28:45","slug":"flu-vaccine-plan-holder","status":"publish","type":"product","link":"http:\/\/webshop.firstmedcenters.com\/hu\/termek\/flu-vaccine-plan-holder\/","title":{"rendered":"Influenza elleni v\u00e9d\u0151olt\u00e1s Eg\u00e9szs\u00e9gb\u00e9rlettel rendelkez\u0151k sz\u00e1m\u00e1ra"},"content":{"rendered":"<h4>Akiknek mindenk\u00e9ppen sz\u00fcks\u00e9ges az influenza elleni olt\u00e1s...<\/h4>\n<ul>\n<li>Feln\u0151ttek \u00e9s gyermekek kr\u00f3nikus sz\u00edv- \u00e9s t\u00fcd\u0151 probl\u00e9m\u00e1kkal<\/li>\n<li>Cukorbetegek (diab\u00e9tesszel \u00e9l\u0151k)<\/li>\n<li>60 \u00e9v felettiek<\/li>\n<li>Adults and children with kidney, blood or immune system problems<\/li>\n<li>A fenti csoportokba tartoz\u00f3k csal\u00e1dtagjai<\/li>\n<\/ul>\n<h4>Kinek nem javasolt az influenza elleni olt\u00e1s?<\/h4>\n<ul>\n<li>Akik allergi\u00e1sak a toj\u00e1sra, csirk\u00e9re, neomicinre vagy formaldehidre,<\/li>\n<li>Akinek l\u00e1za van vagy akut fert\u0151z\u0151 betegs\u00e9ge,<\/li>\n<li>Akik szervezete kor\u00e1bban rosszul reag\u00e1lt az influenza elleni olt\u00e1sra,<\/li>\n<li>Azok, akiknek a k\u00f3rt\u00f6rt\u00e9net\u00e9ben\u00a0<a href=\"https:\/\/www.ninds.nih.gov\/Disorders\/Patient-Caregiver-Education\/Fact-Sheets\/Guillain-Barr%C3%A9-Syndrome-Fact-Sheet\">Guillain-Barre-szindr\u00f3ma szerepel.<\/a><\/li>\n<\/ul>\n<h4>CHECK WITH YOUR DOCTOR BEFORE GETTING A FLU SHOT, IF<\/h4>\n<ul>\n<li>\u00d6n v\u00e1rand\u00f3s,<\/li>\n<li>Gyermeket szoptat.<\/li>\n<li>B\u00e1rmilyen immunhi\u00e1nyos betegs\u00e9ge van.<\/li>\n<\/ul>\n<h4>Az influenza elleni v\u00e9d\u0151olt\u00e1s mell\u00e9khat\u00e1sai<\/h4>\n<ul>\n<li>Kisebb f\u00e1jdalom, duzzanat vagy b\u0151rp\u00edr az injekci\u00f3 bead\u00e1s\u00e1nak hely\u00e9n.<\/li>\n<li>Ritka a mi speci\u00e1lis vakcin\u00e1nk eset\u00e9ben, amely egy inaktiv\u00e1lt osztott v\u00edrus, \u00e9s nem okozhat influenz\u00e1t: l\u00e1z, gyenges\u00e9g, remeg\u00e9s, f\u00e1radts\u00e1g, fejf\u00e1j\u00e1s, izzad\u00e1s, izomf\u00e1jdalom.<\/li>\n<li>Nagyon ritka: idegi f\u00e1jdalom, g\u00f6rcs\u00f6k, trombocitop\u00e9nia, allergi\u00e1s reakci\u00f3, \u00e9rgyullad\u00e1s (latinul: vasculitis), neurol\u00f3giai rendelleness\u00e9gek.<\/li>\n<\/ul>","protected":false},"excerpt":{"rendered":"<p>Vegye fel az influenza olt\u00e1st minden \u00e9vben, amennyiben nincs az <a href=\"https:\/\/firstmed.hu\/services\/flu-influenza-vaccination\/#contraindications\" target=\"_blank\" rel=\"noopener\">olt\u00e1snak ellenjavallata<\/a>, hogy megv\u00e9dje mind saj\u00e1t, mind a k\u00f6rnyezet\u00e9ben \u00e9l\u0151k eg\u00e9szs\u00e9g\u00e9t. Az influenza olt\u00e1s seg\u00edt cs\u00f6kkenteni a fert\u0151z\u00e9s kock\u00e1zat\u00e1t \u00e9s minimaliz\u00e1lja az influenza v\u00edrusok \u00e1ltal okozott s\u00falyos sz\u00f6v\u0151dm\u00e9nyek kialakul\u00e1s\u00e1nak es\u00e9ly\u00e9t.<\/p>\n<p>A FirstMed-n\u00e9l az \u00d6n \u00e9s csal\u00e1dja eg\u00e9szs\u00e9ge a legfontosabb sz\u00e1munkra. Ez\u00e9rt biztos\u00edtjuk\u00a0<span style=\"box-sizing: border-box; margin: 0px; padding: 0px;\"><span style=\"box-sizing: border-box; margin: 0px; padding: 0px;\">eg\u00e9szs\u00e9gb\u00e9rlet tulajdonosaink sz\u00e1m\u00e1ra <a href=\"https:\/\/fluart.hu\/hu\/termekek\/#3fluart\" target=\"_blank\" rel=\"noopener\">3Fluart<\/a> vakcin\u00e1val (3 \u00e9ves kort\u00f3l) az influenza elleni v\u00e9d\u0151olt\u00e1st\u00a0<\/span><strong>ingyenesen.<\/strong><\/span>.<\/p>\n<p>D\u00edj ellen\u00e9ben v\u00e1laszthat m\u00e1sf\u00e9le influenza elleni v\u00e9d\u0151olt\u00e1st azok k\u00f6z\u00fcl, melyek el\u00e9rhet\u0151ek klinik\u00e1nkon. K\u00e9rj\u00fck <a href=\"https:\/\/firstmed.hu\/hu\/egeszsegugyi-szolgaltatasok\/vedooltasok\/influenza-elleni-oltas\/\">l\u00e1togassa meg weboldalunkat<\/a> tov\u00e1bbi inform\u00e1ci\u00f3\u00e9rt.<\/p>\n<p>Szakk\u00e9pzett \u00e1pol\u00f3nk adja be az influenza elleni v\u00e9d\u0151olt\u00e1st 16 \u00e9v feletti p\u00e1cienseknek. 18 \u00e9v alatti gyermeket feln\u0151ttnek kell k\u00eds\u00e9rnie. Gyermekenek 6 h\u00f3napos \u00e9s 15 \u00e9ves kor k\u00f6z\u00f6tt gyermekorvosi vizsg\u00e1lat sz\u00fcks\u00e9ges a v\u00e9d\u0151olt\u00e1s el\u0151tt.<\/p>","protected":false},"featured_media":3497,"template":"","meta":[],"product_brand":[],"product_cat":[77],"product_tag":[],"class_list":{"0":"post-7643","1":"product","2":"type-product","3":"status-publish","4":"has-post-thumbnail","6":"product_cat-flu","8":"first","9":"instock","10":"virtual","11":"sold-individually","12":"purchasable","13":"product-type-simple"},"bundle_layout":"","bundled_by":[],"bundled_items":[],"_links":{"self":[{"href":"http:\/\/webshop.firstmedcenters.com\/hu\/wp-json\/wp\/v2\/product\/7643","targetHints":{"allow":["GET"]}}],"collection":[{"href":"http:\/\/webshop.firstmedcenters.com\/hu\/wp-json\/wp\/v2\/product"}],"about":[{"href":"http:\/\/webshop.firstmedcenters.com\/hu\/wp-json\/wp\/v2\/types\/product"}],"wp:featuredmedia":[{"embeddable":true,"href":"http:\/\/webshop.firstmedcenters.com\/hu\/wp-json\/wp\/v2\/media\/3497"}],"wp:attachment":[{"href":"http:\/\/webshop.firstmedcenters.com\/hu\/wp-json\/wp\/v2\/media?parent=7643"}],"wp:term":[{"taxonomy":"product_brand","embeddable":true,"href":"http:\/\/webshop.firstmedcenters.com\/hu\/wp-json\/wp\/v2\/product_brand?post=7643"},{"taxonomy":"product_cat","embeddable":true,"href":"http:\/\/webshop.firstmedcenters.com\/hu\/wp-json\/wp\/v2\/product_cat?post=7643"},{"taxonomy":"product_tag","embeddable":true,"href":"http:\/\/webshop.firstmedcenters.com\/hu\/wp-json\/wp\/v2\/product_tag?post=7643"}],"curies":[{"name":"wp","href":"https:\/\/api.w.org\/{rel}","templated":true}]}}

Influenza elleni védőoltás Egészségbérlettel rendelkezők számára

<h4>Akiknek mindenképpen szükséges az influenza elleni oltás...</h4>
<ul>
<li>Felnőttek és gyermekek krónikus szív- és tüdő problémákkal</li>
<li>Cukorbetegek (diabétesszel élők)</li>
<li>60 év felettiek</li>
<li>Adults and children with kidney, blood or immune system problems</li>
<li>A fenti csoportokba tartozók családtagjai</li>
</ul>
<h4>Kinek nem javasolt az influenza elleni oltás?</h4>
<ul>
<li>Akik allergiásak a tojásra, csirkére, neomicinre vagy formaldehidre,</li>
<li>Akinek láza van vagy akut fertőző betegsége,</li>
<li>Akik szervezete korábban rosszul reagált az influenza elleni oltásra,</li>
<li>Azok, akiknek a kórtörténetében <a href="https://www.ninds.nih.gov/Disorders/Patient-Caregiver-Education/Fact-Sheets/Guillain-Barr%C3%A9-Syndrome-Fact-Sheet">Guillain-Barre-szindróma szerepel.</a></li>
</ul>
<h4>CHECK WITH YOUR DOCTOR BEFORE GETTING A FLU SHOT, IF</h4>
<ul>
<li>Ön várandós,</li>
<li>Gyermeket szoptat.</li>
<li>Bármilyen immunhiányos betegsége van.</li>
</ul>
<h4>Az influenza elleni védőoltás mellékhatásai</h4>
<ul>
<li>Kisebb fájdalom, duzzanat vagy bőrpír az injekció beadásának helyén.</li>
<li>Ritka a mi speciális vakcinánk esetében, amely egy inaktivált osztott vírus, és nem okozhat influenzát: láz, gyengeség, remegés, fáradtság, fejfájás, izzadás, izomfájdalom.</li>
<li>Nagyon ritka: idegi fájdalom, görcsök, trombocitopénia, allergiás reakció, érgyulladás (latinul: vasculitis), neurológiai rendellenességek.</li>
</ul>

<p>Vegye fel az influenza oltást minden évben, amennyiben nincs az <a href="https://firstmed.hu/services/flu-influenza-vaccination/#contraindications" target="_blank" rel="noopener">oltásnak ellenjavallata</a>, hogy megvédje mind saját, mind a környezetében élők egészségét. Az influenza oltás segít csökkenteni a fertőzés kockázatát és minimalizálja az influenza vírusok által okozott súlyos szövődmények kialakulásának esélyét.</p>
<p>A FirstMed-nél az Ön és családja egészsége a legfontosabb számunkra. Ezért biztosítjuk <span style="box-sizing: border-box; margin: 0px; padding: 0px;"><span style="box-sizing: border-box; margin: 0px; padding: 0px;">egészségbérlet tulajdonosaink számára <a href="https://fluart.hu/hu/termekek/#3fluart" target="_blank" rel="noopener">3Fluart</a> vakcinával (3 éves kortól) az influenza elleni védőoltást </span><strong>ingyenesen.</strong></span>.</p>
<p>Díj ellenében választhat másféle influenza elleni védőoltást azok közül, melyek elérhetőek klinikánkon. Kérjük <a href="https://firstmed.hu/hu/egeszsegugyi-szolgaltatasok/vedooltasok/influenza-elleni-oltas/">látogassa meg weboldalunkat</a> további információért.</p>
<p>Szakképzett ápolónk adja be az influenza elleni védőoltást 16 év feletti pácienseknek. 18 év alatti gyermeket felnőttnek kell kísérnie. Gyermekenek 6 hónapos és 15 éves kor között gyermekorvosi vizsgálat szükséges a védőoltás előtt.</p>
