
{"id":17349,"date":"2026-07-09T17:27:33","date_gmt":"2026-07-09T15:27:33","guid":{"rendered":"https:\/\/webshop.firstmedcenters.com\/?post_type=product&#038;p=17349"},"modified":"2026-07-23T13:21:59","modified_gmt":"2026-07-23T11:21:59","slug":"core-group-plan-2ppl","status":"publish","type":"product","link":"http:\/\/webshop.firstmedcenters.com\/hu\/termek\/core-group-plan-2ppl\/","title":{"rendered":"Core Plan &#8211; Group of 2"},"content":{"rendered":"<h2><strong>V\u00e1s\u00e1rl\u00e1si nyilatkozat visszaigazol\u00e1sa<\/strong><\/h2>\n<p>Az eg\u00e9szs\u00e9gb\u00e9rlet webshopunkban t\u00f6rt\u00e9n\u0151 megv\u00e1s\u00e1rl\u00e1s\u00e1val \u00d6n elismeri, hogy alaposan \u00e1ttanulm\u00e1nyozta az ahhoz kapcsol\u00f3d\u00f3 r\u00e9szleteket \u00e9s felt\u00e9teleket. \u00d6n v\u00e1llalja, hogy betartja ezeket a felt\u00e9teleket a le\u00edrtak szerint.<\/p>\n<p>Felh\u00edvjuk figyelm\u00e9t, hogy a v\u00e1s\u00e1rl\u00e1s el\u0151tt az \u00d6n felel\u0151ss\u00e9ge, hogy tiszt\u00e1ban legyen azzal, hogy az eg\u00e9szs\u00e9gb\u00e9rlet mit tartalmaz \u00e9s mit nem. Ha b\u00e1rmilyen k\u00e9rd\u00e9se van, vagy felvil\u00e1gos\u00edt\u00e1sra van sz\u00fcks\u00e9ge a csomag tartalm\u00e1val vagy felt\u00e9teleivel kapcsolatban, k\u00e9rj\u00fck, a v\u00e1s\u00e1rl\u00e1s el\u0151tt vegye fel a kapcsolatot \u00fcgyf\u00e9lszolg\u00e1latunkkal.<\/p>\n<p><a href=\"https:\/\/webshop.firstmedcenters.com\/wp-content\/uploads\/2026\/01\/CORE-Plan-Adult-HUN-2026.pdf\">Core Eg\u00e9szs\u00e9gb\u00e9rlet \u00c1ltal\u00e1nos Felt\u00e9telek<\/a><\/p>\n<p>Az \u00e1r a 2026. janu\u00e1r 1. ut\u00e1n v\u00e1s\u00e1rolt Core Eg\u00e9szs\u00e9gb\u00e9rletekre \u00e9rv\u00e9nyes.<\/p>\n<h5>A FirstMed aj\u00e1nlja a <a href=\"https:\/\/firstmed.hu\/hu\/fizetes-es-biztositas\/egeszsegberletek\/premium-egeszsegberlet-felnott\/\">Pr\u00e9mium Eg\u00e9szs\u00e9gb\u00e9rlet<\/a> p\u00e1cienseinek.<\/h5>","protected":false},"excerpt":{"rendered":"<p>This product if for the purchase of 2 Core plans as a group.<\/p>\n<p>&nbsp;<\/p>\n<p><strong>A FirstMed Core Eg\u00e9szs\u00e9gb\u00e9rlete a k\u00f6vetkez\u0151 el\u0151ny\u00f6ket ny\u00fajtja p\u00e1cienseinknek egy \u00e9ven \u00e1t:<\/strong><\/p>\n<p>\u2022 12 \u00c1ltal\u00e1nos orvosi vizsg\u00e1lat<br \/>\n\u2022 10 Szakorvosi vizsg\u00e1lat (30 perc), egyebek k\u00f6z\u00f6tt \u00e9ves n\u0151gy\u00f3gy\u00e1szati vizsg\u00e1lat \u00e9s ultrahang<br \/>\n\u2022 \u00c9vente egyszer Komplex Eg\u00e9szs\u00e9gmeg\u0151rz\u0151 Sz\u0171r\u0151vizsg\u00e1lat<br \/>\n\u2022 10 online receptfel\u00edr\u00e1s<br \/>\n\u2022 Influenza elleni v\u00e9d\u0151olt\u00e1s (Fluart vakcin\u00e1val)f<br \/>\n\u2022 R\u00f6ntgen<br \/>\n\u2022 Basic laborvizsg\u00e1latok<br \/>\n\u2022 \u00c9s sok minden m\u00e1s<\/p>\n<div class=\"woocommerce-product-details__short-description\">\n<p><em><strong>K\u00e9rj\u00fck tekintse \u00e1t az eg\u00e9szs\u00e9gb\u00e9rlet r\u00e9szletes felt\u00e9teleit az al\u00e1bbi linken v\u00e1s\u00e1rl\u00e1s el\u0151tt.<\/strong><\/em><\/p>\n<p>A kedvezm\u00e9ny a kos\u00e1rban jelenik meg.<\/p>\n<\/div>\n<table style=\"height: 65px;\" width=\"715\">\n<tbody>\n<tr>\n<td>H\u0171s\u00e9gkedvezm\u00e9ny a 3. meg\u00faj\u00edt\u00e1st\u00f3l kezd\u0151d\u0151en (4. eg\u00e9szs\u00e9gb\u00e9rlet)<\/td>\n<td>290.000 Ft<\/td>\n<\/tr>\n<tr>\n<td>Csoportos \u00e1r 2-9 f\u0151re\/f\u0151<\/td>\n<td>275.000 Ft<\/td>\n<\/tr>\n<\/tbody>\n<\/table>\n<p>&nbsp;<\/p>\n<blockquote><p>The Core plan is not available for <strong>patients over 65<\/strong>. Patients over 65 should choose the Premium plan. If one of the members is over 65 please contact Tina for options.<\/p><\/blockquote>\n<p>&nbsp;<\/p>","protected":false},"featured_media":13196,"template":"","meta":[],"product_brand":[],"product_cat":[16],"product_tag":[],"class_list":{"0":"post-17349","1":"product","2":"type-product","3":"status-publish","4":"has-post-thumbnail","6":"product_cat-plans","8":"first","9":"instock","10":"virtual","11":"purchasable","12":"product-type-simple"},"bundle_layout":"","bundled_by":[],"bundled_items":[],"_links":{"self":[{"href":"http:\/\/webshop.firstmedcenters.com\/hu\/wp-json\/wp\/v2\/product\/17349","targetHints":{"allow":["GET"]}}],"collection":[{"href":"http:\/\/webshop.firstmedcenters.com\/hu\/wp-json\/wp\/v2\/product"}],"about":[{"href":"http:\/\/webshop.firstmedcenters.com\/hu\/wp-json\/wp\/v2\/types\/product"}],"wp:featuredmedia":[{"embeddable":true,"href":"http:\/\/webshop.firstmedcenters.com\/hu\/wp-json\/wp\/v2\/media\/13196"}],"wp:attachment":[{"href":"http:\/\/webshop.firstmedcenters.com\/hu\/wp-json\/wp\/v2\/media?parent=17349"}],"wp:term":[{"taxonomy":"product_brand","embeddable":true,"href":"http:\/\/webshop.firstmedcenters.com\/hu\/wp-json\/wp\/v2\/product_brand?post=17349"},{"taxonomy":"product_cat","embeddable":true,"href":"http:\/\/webshop.firstmedcenters.com\/hu\/wp-json\/wp\/v2\/product_cat?post=17349"},{"taxonomy":"product_tag","embeddable":true,"href":"http:\/\/webshop.firstmedcenters.com\/hu\/wp-json\/wp\/v2\/product_tag?post=17349"}],"curies":[{"name":"wp","href":"https:\/\/api.w.org\/{rel}","templated":true}]}}

<h2><strong>Vásárlási nyilatkozat visszaigazolása</strong></h2>
<p>Az egészségbérlet webshopunkban történő megvásárlásával Ön elismeri, hogy alaposan áttanulmányozta az ahhoz kapcsolódó részleteket és feltételeket. Ön vállalja, hogy betartja ezeket a feltételeket a leírtak szerint.</p>
<p>Felhívjuk figyelmét, hogy a vásárlás előtt az Ön felelőssége, hogy tisztában legyen azzal, hogy az egészségbérlet mit tartalmaz és mit nem. Ha bármilyen kérdése van, vagy felvilágosításra van szüksége a csomag tartalmával vagy feltételeivel kapcsolatban, kérjük, a vásárlás előtt vegye fel a kapcsolatot ügyfélszolgálatunkkal.</p>
<p><a href="https://webshop.firstmedcenters.com/wp-content/uploads/2026/01/CORE-Plan-Adult-HUN-2026.pdf">Core Egészségbérlet Általános Feltételek</a></p>
<p>Az ár a 2026. január 1. után vásárolt Core Egészségbérletekre érvényes.</p>
<h5>A FirstMed ajánlja a <a href="https://firstmed.hu/hu/fizetes-es-biztositas/egeszsegberletek/premium-egeszsegberlet-felnott/">Prémium Egészségbérlet</a> pácienseinek.</h5>

<p>This product if for the purchase of 2 Core plans as a group.</p>
<p>&nbsp;</p>
<p><strong>A FirstMed Core Egészségbérlete a következő előnyöket nyújtja pácienseinknek egy éven át:</strong></p>
<p>• 12 Általános orvosi vizsgálat<br />
• 10 Szakorvosi vizsgálat (30 perc), egyebek között éves nőgyógyászati vizsgálat és ultrahang<br />
• Évente egyszer Komplex Egészségmegőrző Szűrővizsgálat<br />
• 10 online receptfelírás<br />
• Influenza elleni védőoltás (Fluart vakcinával)f<br />
• Röntgen<br />
• Basic laborvizsgálatok<br />
• És sok minden más</p>
<div class="woocommerce-product-details__short-description">
<p><em><strong>Kérjük tekintse át az egészségbérlet részletes feltételeit az alábbi linken vásárlás előtt.</strong></em></p>
<p>A kedvezmény a kosárban jelenik meg.</p>
</div>
<table style="height: 65px;" width="715">
<tbody>
<tr>
<td>Hűségkedvezmény a 3. megújítástól kezdődően (4. egészségbérlet)</td>
<td>290.000 Ft</td>
</tr>
<tr>
<td>Csoportos ár 2-9 főre/fő</td>
<td>275.000 Ft</td>
</tr>
</tbody>
</table>
<p>&nbsp;</p>
<blockquote><p>The Core plan is not available for <strong>patients over 65</strong>. Patients over 65 should choose the Premium plan. If one of the members is over 65 please contact Tina for options.</p></blockquote>
<p>&nbsp;</p>
