
{"id":11705,"date":"2026-01-19T12:00:08","date_gmt":"2026-01-19T10:00:08","guid":{"rendered":"https:\/\/sackesugar.com\/?post_type=product&#038;p=11705"},"modified":"2026-07-17T10:54:35","modified_gmt":"2026-07-17T08:54:35","slug":"well-child-check","status":"publish","type":"product","link":"http:\/\/webshop.firstmedcenters.com\/hu\/termek\/well-child-check\/","title":{"rendered":"Gyermekek Sz\u0171r\u0151vizsg\u00e1lata"},"content":{"rendered":"<p>A Gyermekek Sz\u0171r\u0151vizsg\u00e1lata egy olyan alapvet\u0151 eg\u00e9szs\u00e9g\u00fcgyi vizsg\u00e1lat, amelyet gondosan tervezt\u00fcnk gyermeke megfelel\u0151 fejl\u0151d\u00e9s\u00e9nek \u00e9s eg\u00e9szs\u00e9g\u00e9nek biztos\u00edt\u00e1sa \u00e9rdek\u00e9ben. Ezek a sz\u0171r\u0151vizsg\u00e1latok \u00e1tfog\u00f3 k\u00e9pet ny\u00fajtanak gyermeke eg\u00e9szs\u00e9gi \u00e1llapot\u00e1r\u00f3l, \u00e9s biztos\u00edtj\u00e1k, hogy fejl\u0151d\u00e9se optim\u00e1lisan haladjon. \u00dajsz\u00fcl\u00f6tt kort\u00f3l kezdve a 18 \u00e9v alatti serd\u00fcl\u0151kig, a rendszeres gyermekorvosi vizsg\u00e1latok lefedik gyermeke fejl\u0151d\u00e9s\u00e9nek minden szakasz\u00e1t.<\/p>\n<p>Ez az egy\u00f3r\u00e1s l\u00e1togat\u00e1s bar\u00e1ts\u00e1gos gyermekorvosaink egyik\u00e9vel gyermeke fejl\u0151d\u00e9s\u00e9re \u00e9s eg\u00e9szs\u00e9g\u00e9re \u00f6sszpontos\u00edt. Szisztematikus megk\u00f6zel\u00edt\u00e9st k\u00f6vet\u00fcnk, amely a k\u00f6vetkez\u0151ket foglalja mag\u00e1ban:<\/p>\n<ul>\n<li>Gyermeke k\u00f3rt\u00f6rt\u00e9net\u00e9nek alapos \u00e1ttekint\u00e9se.<\/li>\n<li>A sz\u00fcks\u00e9ges v\u00e9d\u0151olt\u00e1sok bead\u00e1sa.<\/li>\n<li>N\u00f6veked\u00e9s nyomon k\u00f6vet\u00e9se \u00e9s v\u00e9rnyom\u00e1sm\u00e9r\u00e9s.<\/li>\n<li>Fontos l\u00e1t\u00e1s- \u00e9s hall\u00e1svizsg\u00e1latok.<\/li>\n<li>Fejl\u0151d\u00e9st k\u00f6vet\u0151 sz\u0171r\u0151vizsg\u00e1latok.<\/li>\n<li>\u00c9tkez\u00e9si \u00e9s alv\u00e1si szok\u00e1sok \u00e1ttekint\u00e9se.<\/li>\n<\/ul>\n<p>Az orvos javasolhat \u00e9letkor-specifikus laborvizsg\u00e1latokat \u00e9s egy\u00e9b szakorvosi vizsg\u00e1latokat, annak \u00e9rdek\u00e9ben, hogy alaposabb betekint\u00e9st nyerjen gyermeke megfelel\u0151 eg\u00e9szs\u00e9gi \u00e1llapot\u00e1ba.<\/p>\n<p>A rendszeres eg\u00e9szs\u00e9g\u00fcgyi sz\u0171r\u0151vizsg\u00e1latok minden \u00e9letkori szakaszban fontosak. Mivel a gyermekek n\u00f6veked\u00e9s\u00e9nek mindegyik szakasza k\u00fcl\u00f6nb\u00f6z\u0151 kih\u00edv\u00e1sokkal j\u00e1r, ezekkel az orvosi vizsg\u00e1latokkal a lehets\u00e9ges probl\u00e9m\u00e1k kor\u00e1n felismerhet\u0151k, \u00e9s id\u0151ben kezelhet\u0151k.<\/p>\n<p>A FirstMed-n\u00e9l a proakt\u00edv eg\u00e9szs\u00e9gmenedzsment az eg\u00e9szs\u00e9ges, boldog gyermekkor el\u0151seg\u00edt\u00e9s\u00e9nek egyik sarokk\u00f6ve. A Gyermekek Sz\u0171r\u0151vizsg\u00e1lata t\u00f6bb mint egy szolg\u00e1ltat\u00e1s - ez egy befektet\u00e9s gyermeke eg\u00e9szs\u00e9g\u00e9be, amely \u00e9lethosszig tart\u00f3 megt\u00e9r\u00fcl\u00e9st \u00e9s nyugalmat eredm\u00e9nyez. Annak tudat\u00e1ban, hogy egy megb\u00edzhat\u00f3 eg\u00e9szs\u00e9g\u00fcgyi partnerrel az oldal\u00e1n gondoskodik gyermeke eg\u00e9szs\u00e9g\u00e9r\u0151l \u00e9s fejl\u0151d\u00e9s\u00e9r\u0151l a n\u00f6veked\u00e9s minden szakasz\u00e1ban.<\/p>\n<p><a href=\"https:\/\/firstmed.hu\/hu\/szurovizsgalatok\/gyermekek-szurovizsgalata\/\">Tov\u00e1bbi inform\u00e1ci\u00f3t a Gyermekek Sz\u0171r\u0151vizsg\u00e1lat\u00e1r\u00f3l weboldalunkon tal\u00e1l<\/a>.<\/p>\n<p><em>*Ez a vizsg\u00e1lati d\u00edj csak abban az esetben t\u00e9r\u00edthet\u0151 vissza, ha a l\u00e1togat\u00e1s\u00e1nak id\u0151pontj\u00e1t annak kezdete el\u0151tt t\u00f6bb mint 24 \u00f3r\u00e1val lemondja.<\/em><\/p>","protected":false},"excerpt":{"rendered":"<p>A Gyermekek Sz\u0171r\u0151vizsg\u00e1lata n\u00e9lk\u00fcl\u00f6zhetetlen gyermeke szil\u00e1rd eg\u00e9szs\u00e9g\u00e9nek \u00e9s megfelel\u0151 fejl\u0151d\u00e9s\u00e9nek biztos\u00edt\u00e1s\u00e1hoz. Egyedi ig\u00e9nyekre szabott, \u00e1tfog\u00f3 vizsg\u00e1latokat k\u00edn\u00e1lunk szak\u00e9rt\u0151 gyermekorvosainkkal, melyek t\u00f6bbek k\u00f6z\u00f6tt az al\u00e1bbiakra terjednek ki:<\/p>\n<ul>\n<li>\u2022 sz\u00fcks\u00e9ges v\u00e9d\u0151olt\u00e1sok,<\/li>\n<li>\u2022 magass\u00e1g felm\u00e9r\u00e9se,<\/li>\n<li>\u2022 fejl\u0151d\u00e9st k\u00f6vet\u0151 sz\u0171r\u0151vizsg\u00e1latok, valamint<\/li>\n<li>\u2022 az \u00e9tkez\u00e9si \u00e9s alv\u00e1si szok\u00e1sok \u00e1ttekint\u00e9se.<\/li>\n<\/ul>\n<p>Tov\u00e1bbi laborvizsg\u00e1latok \u00e9s aj\u00e1nlott szakorvosi konzult\u00e1ci\u00f3k r\u00e9v\u00e9n alapos betekint\u00e9st nyerhet gyermeke \u00e1ltal\u00e1nos eg\u00e9szs\u00e9gi \u00e1llapot\u00e1ba.<\/p>\n<p>A gyermek eg\u00e9szs\u00e9gi \u00e1llapot\u00e1nak \u00e9s fejl\u0151d\u00e9s\u00e9nek figyelemmel k\u00eds\u00e9r\u00e9se lehet\u0151v\u00e9 teszi az id\u0151ben t\u00f6rt\u00e9n\u0151 beavatkoz\u00e1sokat minden n\u00f6veked\u00e9si szakaszban, ami biztos\u00edtja az eg\u00e9szs\u00e9ges \u00e9s \u00f6r\u00f6mteli gyermekkort.<\/p>\n<hr \/>\n<p>Ez a kedvezm\u00e9nyes aj\u00e1nlat\u00a0<span style=\"box-sizing: border-box; margin: 0px; padding: 0px;\">csak online el\u0151refizet\u00e9ssel vagy \u00e9rv\u00e9nyes <a href=\"https:\/\/firstmed.hu\/hu\/fizetes-es-biztositas\/egeszsegberletek\/gyermek-egeszsegkartya\/\" target=\"_blank\" rel=\"noopener\">Gyermek Eg\u00e9szs\u00e9gk\u00e1rtya<\/a>birtok\u00e1ban \u00e9rv\u00e9nyes, mely kedvezm\u00e9nyes \u00e1rakat biztos\u00edt szolg\u00e1ltat\u00e1sainkra,<\/span>\u00a0bele\u00e9rtve az<strong> Iskolai Eg\u00e9szs\u00e9g\u00fcgyi Sz\u0171r\u0151vizsg\u00e1lat<\/strong>ot is. K\u00e9rje ezt a vizsg\u00e1latot webshopunkon kereszt\u00fcl, \u00e9s vegye ig\u00e9nybe a kedvezm\u00e9nyeket.<\/p>","protected":false},"featured_media":11706,"template":"","meta":[],"product_brand":[],"product_cat":[76,88,89],"product_tag":[],"class_list":{"0":"post-11705","1":"product","2":"type-product","3":"status-publish","4":"has-post-thumbnail","6":"product_cat-exams","7":"product_cat-prepay-visit","8":"product_cat-vc-egk","10":"first","11":"instock","12":"sale","13":"virtual","14":"purchasable","15":"product-type-simple"},"bundle_layout":"","bundled_by":[],"bundled_items":[],"_links":{"self":[{"href":"http:\/\/webshop.firstmedcenters.com\/hu\/wp-json\/wp\/v2\/product\/11705","targetHints":{"allow":["GET"]}}],"collection":[{"href":"http:\/\/webshop.firstmedcenters.com\/hu\/wp-json\/wp\/v2\/product"}],"about":[{"href":"http:\/\/webshop.firstmedcenters.com\/hu\/wp-json\/wp\/v2\/types\/product"}],"wp:featuredmedia":[{"embeddable":true,"href":"http:\/\/webshop.firstmedcenters.com\/hu\/wp-json\/wp\/v2\/media\/11706"}],"wp:attachment":[{"href":"http:\/\/webshop.firstmedcenters.com\/hu\/wp-json\/wp\/v2\/media?parent=11705"}],"wp:term":[{"taxonomy":"product_brand","embeddable":true,"href":"http:\/\/webshop.firstmedcenters.com\/hu\/wp-json\/wp\/v2\/product_brand?post=11705"},{"taxonomy":"product_cat","embeddable":true,"href":"http:\/\/webshop.firstmedcenters.com\/hu\/wp-json\/wp\/v2\/product_cat?post=11705"},{"taxonomy":"product_tag","embeddable":true,"href":"http:\/\/webshop.firstmedcenters.com\/hu\/wp-json\/wp\/v2\/product_tag?post=11705"}],"curies":[{"name":"wp","href":"https:\/\/api.w.org\/{rel}","templated":true}]}}

Gyermekek Szűrővizsgálata

<p>A Gyermekek Szűrővizsgálata egy olyan alapvető egészségügyi vizsgálat, amelyet gondosan terveztünk gyermeke megfelelő fejlődésének és egészségének biztosítása érdekében. Ezek a szűrővizsgálatok átfogó képet nyújtanak gyermeke egészségi állapotáról, és biztosítják, hogy fejlődése optimálisan haladjon. Újszülött kortól kezdve a 18 év alatti serdülőkig, a rendszeres gyermekorvosi vizsgálatok lefedik gyermeke fejlődésének minden szakaszát.</p>
<p>Ez az egyórás látogatás barátságos gyermekorvosaink egyikével gyermeke fejlődésére és egészségére összpontosít. Szisztematikus megközelítést követünk, amely a következőket foglalja magában:</p>
<ul>
<li>Gyermeke kórtörténetének alapos áttekintése.</li>
<li>A szükséges védőoltások beadása.</li>
<li>Növekedés nyomon követése és vérnyomásmérés.</li>
<li>Fontos látás- és hallásvizsgálatok.</li>
<li>Fejlődést követő szűrővizsgálatok.</li>
<li>Étkezési és alvási szokások áttekintése.</li>
</ul>
<p>Az orvos javasolhat életkor-specifikus laborvizsgálatokat és egyéb szakorvosi vizsgálatokat, annak érdekében, hogy alaposabb betekintést nyerjen gyermeke megfelelő egészségi állapotába.</p>
<p>A rendszeres egészségügyi szűrővizsgálatok minden életkori szakaszban fontosak. Mivel a gyermekek növekedésének mindegyik szakasza különböző kihívásokkal jár, ezekkel az orvosi vizsgálatokkal a lehetséges problémák korán felismerhetők, és időben kezelhetők.</p>
<p>A FirstMed-nél a proaktív egészségmenedzsment az egészséges, boldog gyermekkor elősegítésének egyik sarokköve. A Gyermekek Szűrővizsgálata több mint egy szolgáltatás - ez egy befektetés gyermeke egészségébe, amely élethosszig tartó megtérülést és nyugalmat eredményez. Annak tudatában, hogy egy megbízható egészségügyi partnerrel az oldalán gondoskodik gyermeke egészségéről és fejlődéséről a növekedés minden szakaszában.</p>
<p><a href="https://firstmed.hu/hu/szurovizsgalatok/gyermekek-szurovizsgalata/">További információt a Gyermekek Szűrővizsgálatáról weboldalunkon talál</a>.</p>
<p><em>*Ez a vizsgálati díj csak abban az esetben téríthető vissza, ha a látogatásának időpontját annak kezdete előtt több mint 24 órával lemondja.</em></p>

<p>A Gyermekek Szűrővizsgálata nélkülözhetetlen gyermeke szilárd egészségének és megfelelő fejlődésének biztosításához. Egyedi igényekre szabott, átfogó vizsgálatokat kínálunk szakértő gyermekorvosainkkal, melyek többek között az alábbiakra terjednek ki:</p>
<ul>
<li>• szükséges védőoltások,</li>
<li>• magasság felmérése,</li>
<li>• fejlődést követő szűrővizsgálatok, valamint</li>
<li>• az étkezési és alvási szokások áttekintése.</li>
</ul>
<p>További laborvizsgálatok és ajánlott szakorvosi konzultációk révén alapos betekintést nyerhet gyermeke általános egészségi állapotába.</p>
<p>A gyermek egészségi állapotának és fejlődésének figyelemmel kísérése lehetővé teszi az időben történő beavatkozásokat minden növekedési szakaszban, ami biztosítja az egészséges és örömteli gyermekkort.</p>
<hr />
<p>Ez a kedvezményes ajánlat <span style="box-sizing: border-box; margin: 0px; padding: 0px;">csak online előrefizetéssel vagy érvényes <a href="https://firstmed.hu/hu/fizetes-es-biztositas/egeszsegberletek/gyermek-egeszsegkartya/" target="_blank" rel="noopener">Gyermek Egészségkártya</a>birtokában érvényes, mely kedvezményes árakat biztosít szolgáltatásainkra,</span> beleértve az<strong> Iskolai Egészségügyi Szűrővizsgálat</strong>ot is. Kérje ezt a vizsgálatot webshopunkon keresztül, és vegye igénybe a kedvezményeket.</p>
